{"id":1000,"date":"2011-08-02T18:21:18","date_gmt":"2011-08-02T11:21:18","guid":{"rendered":"http:\/\/www.payitforward.edu.vn\/wordpress\/?page_id=1000"},"modified":"2016-10-04T22:25:29","modified_gmt":"2016-10-04T15:25:29","slug":"arm-cortex-m0","status":"publish","type":"page","link":"https:\/\/payitforward.edu.vn\/wordpress\/tutorials\/arm-cortex-m0\/","title":{"rendered":"ARM Cortex M0"},"content":{"rendered":"<p>Ch\u00fang t\u00f4i th\u1ef1c hi\u1ec7n nh\u1eefng tutorials n\u00e0y kh\u00f4ng nh\u1eb1m v\u00e0o m\u1ee5c \u0111\u00edch n\u00e0o mang t\u00ednh th\u01b0\u01a1ng m\u1ea1i, m\u00e0 ch\u1ec9 mong n\u00f3 c\u00f3 th\u1ec3 gi\u00fap \u0111\u1ee1 b\u1ea1n, nh\u1eefng ng\u01b0\u1eddi m\u1edbi b\u1eaft \u0111\u1ea7u. Ch\u00fang t\u00f4i kh\u00f4ng ph\u1ea3i l\u00e0 nh\u1eefng ng\u01b0\u1eddi c\u00f3 nhi\u1ec1u ki\u1ebfn th\u1ee9c v\u00e0 kinh nghi\u1ec7m. Nh\u01b0ng ch\u00fang t\u00f4i \u0111\u00e3 t\u1eebng l\u00e0 ng\u01b0\u1eddi m\u1edbi h\u1ecdc v\u00e0 hi\u1ec3u \u0111\u01b0\u1ee3c b\u1ea1n g\u1eb7p ph\u1ea3i nh\u1eefng kh\u00f3 kh\u0103n g\u00ec. H\u00e3y ki\u00ean nh\u1eabn t\u1eeb nh\u1eefng b\u01b0\u1edbc \u0111i \u0111\u1ea7u ti\u00ean.<\/p>\n<p>Ch\u00fang t\u00f4i kh\u00f4ng \u0111\u1ec1 t\u00ean t\u00e1c gi\u1ea3. Ai l\u00e0m ra n\u00f3 kh\u00f4ng quan tr\u1ecdng. Quan tr\u1ecdng ch\u00ednh l\u00e0 ng\u01b0\u1eddi \u0111ang s\u1eed d\u1ee5ng n\u00f3 v\u00e0 c\u00e1ch m\u00e0 n\u00f3 \u0111\u01b0\u1ee3c d\u00f9ng. B\u1ea1n c\u00f3 th\u1ec3 ch\u1ec9nh s\u1eeda, th\u00eam b\u1edbt, l\u00e0m cho n\u00f3 ho\u00e0n thi\u1ec7n h\u01a1n, r\u1ed3i g\u1eedi n\u00f3 \u0111\u1ebfn nh\u1eefng ng\u01b0\u1eddi \u0111ang c\u1ea7n.<\/p>\n<p>Pay it forward\u2026<\/p>\n<p><strong>T\u1ed5ng qu\u00e1t v\u1ec1 ARM Cortex M0 Tutorial<\/strong><\/p>\n<p style=\"padding-left: 30px;\">1. Chip s\u1eed d\u1ee5ng: NXP LPC1114<br \/>\n2. Board <span style=\"color: #993366;\">Xpresso LPC1114<\/span> c\u1ee7a NXP ho\u1eb7c board <span style=\"color: #993366;\">LPC1114-PIF-Stamp<\/span> c\u1ee7a Pay It Forward Club<br \/>\n3. Tr\u00ecnh bi\u00ean d\u1ecbch: CodeRed (d\u00f9ng cho board Xpresso ho\u1eb7c LPC1114-PIF-Stamp) ho\u1eb7c Keil (d\u00f9ng cho LPC1114-PIF-Stamp)<\/p>\n<p><strong>S\u01a1 \u0111\u1ed3 nguy\u00ean l\u00fd board LPC1114-PIF-Stamp c\u1ee7a PIF:<\/strong><\/p>\n<p style=\"padding-left: 30px;\"><a href=\"http:\/\/www.mediafire.com\/?l0ye3892l6l70o7\">Download schematic <strong>LPC1114-PIF-Stamp<\/strong><\/a><\/p>\n<p><strong>N\u1ea1p code:<\/strong><\/p>\n<p style=\"padding-left: 30px;\">1. \u0110\u1ed1i v\u1edbi board Xpresso LPC1114: \u0111\u00e3 c\u00f3 ph\u1ea7n n\u1ea1p LPC Link tr\u00ean board<br \/>\n2. \u0110\u1ed1i v\u1edbi board LPC1114-PIF-Stamp: \u0111\u00e3 c\u00f3 ph\u1ea7n n\u1ea1p qua UART d\u00f9ng chip PL2303 (D\u00f9ng ch\u01b0\u01a1ng tr\u00ecnh FlashMagic \u0111\u1ec3 n\u1ea1p)<\/p>\n<p><strong>C\u00e0i \u0111\u1eb7t ph\u1ea7n m\u1ec1m<\/strong><\/p>\n<p style=\"padding-left: 30px;\">1. Xpresso IDE (link download)<br \/>\n2. Keil C (link download)<br \/>\n3. FlashMagic (link)<br \/>\n4. Driver cho PL2303 (link)<\/p>\n<p><strong>B\u00e0i gi\u1ea3ng<\/strong><\/p>\n<p><strong>I. Gi\u1edbi thi\u1ec7u d\u00f2ng MCU ARM Cortex M0 c\u1ee7a NXP, gi\u1edbi thi\u1ec7u IDE, &#8230;<\/strong><\/p>\n<p style=\"padding-left: 30px;\">\u0110\u00e2y l\u00e0 c\u00e1c clip gi\u1edbi thi\u1ec7u c\u1ee7a h\u00e3ng NXP, \u0111\u01b0\u1ee3c PIF th\u00eam c\u00e1c ch\u00fa th\u00edch b\u1eb1ng ti\u1ebfng Vi\u1ec7t (ho\u1eb7c ti\u1ebfng Anh) \u0111\u1ec3 c\u00e1c b\u1ea1n m\u1edbi l\u00e0m quen d\u1ec5 t\u00ecm hi\u1ec3u.<\/p>\n<p style=\"padding-left: 30px;\"><a href=\"http:\/\/www.payitforward.edu.vn\/wordpress\/tutorials\/arm-cortex-m0\/list-1\/\">List 1<\/a><\/p>\n<p style=\"padding-left: 30px;\"><a href=\"http:\/\/www.payitforward.edu.vn\/wordpress\/tutorials\/arm-cortex-m0\/list-2\/\">List 2<\/a><\/p>\n<p>&nbsp;<\/p>\n<p><strong>II. <\/strong><strong>B\u00e0i gi\u1ea3ng t\u1eeb PIF<\/strong><\/p>\n<p style=\"padding-left: 30px;\">B\u00e0i 1: <a href=\"http:\/\/www.payitforward.edu.vn\/wordpress\/tutorials\/arm-cortex-m0\/bai-1\/\">H\u01b0\u1edbng d\u1eabn n\u1ea1p KIT LPC1114 PIF STamp<\/a><\/p>\n<p style=\"padding-left: 30px;\">B\u00e0i 2: <a href=\"http:\/\/www.payitforward.edu.vn\/wordpress\/tutorials\/arm-cortex-m0\/bai-2\/\">T\u1ea1o Project [Codered v\u00e0 Keil]<\/a><\/p>\n<p style=\"padding-left: 30px;\">B\u00e0i 3: <a href=\"http:\/\/www.payitforward.edu.vn\/wordpress\/tutorials\/arm-cortex-m0\/bai-3\/\">GPIO<\/a><\/p>\n<p style=\"padding-left: 30px;\">B\u00e0i 4: <a href=\"http:\/\/www.payitforward.edu.vn\/wordpress\/tutorials\/arm-cortex-m0\/bai-4\/\">Timer &#8211; Counter<\/a><\/p>\n<p style=\"padding-left: 30px;\">B\u00e0i 5: <a href=\"http:\/\/www.payitforward.edu.vn\/wordpress\/tutorials\/arm-cortex-m0\/bai-5\/\">Timer &#8211; PWM<\/a><\/p>\n","protected":false},"excerpt":{"rendered":"<p>Ch\u00fang t\u00f4i th\u1ef1c hi\u1ec7n nh\u1eefng tutorials n\u00e0y kh\u00f4ng nh\u1eb1m v\u00e0o m\u1ee5c \u0111\u00edch n\u00e0o mang t\u00ednh th\u01b0\u01a1ng m\u1ea1i, m\u00e0 ch\u1ec9 mong n\u00f3 c\u00f3 th\u1ec3 gi\u00fap \u0111\u1ee1 b\u1ea1n, nh\u1eefng ng\u01b0\u1eddi m\u1edbi b\u1eaft \u0111\u1ea7u. Ch\u00fang t\u00f4i kh\u00f4ng ph\u1ea3i l\u00e0 nh\u1eefng ng\u01b0\u1eddi c\u00f3 nhi\u1ec1u ki\u1ebfn th\u1ee9c v\u00e0 kinh nghi\u1ec7m. Nh\u01b0ng ch\u00fang t\u00f4i \u0111\u00e3 t\u1eebng l\u00e0 ng\u01b0\u1eddi m\u1edbi h\u1ecdc v\u00e0 hi\u1ec3u \u0111\u01b0\u1ee3c b\u1ea1n g\u1eb7p ph\u1ea3i nh\u1eefng kh\u00f3 kh\u0103n g\u00ec. H\u00e3y ki\u00ean nh\u1eabn t\u1eeb nh\u1eefng b\u01b0\u1edbc \u0111i \u0111\u1ea7u ti\u00ean. Ch\u00fang t\u00f4i kh\u00f4ng \u0111\u1ec1 t\u00ean t\u00e1c gi\u1ea3. Ai l\u00e0m ra n\u00f3 kh\u00f4ng quan tr\u1ecdng. Quan tr\u1ecdng ch\u00ednh l\u00e0 ng\u01b0\u1eddi \u0111ang s\u1eed d\u1ee5ng n\u00f3 v\u00e0 c\u00e1ch m\u00e0 n\u00f3 \u2026<\/p>\n<p class=\"continue-reading-button\"> <a class=\"continue-reading-link\" href=\"https:\/\/payitforward.edu.vn\/wordpress\/tutorials\/arm-cortex-m0\/\">Continue reading<i class=\"crycon-right-dir\"><\/i><\/a><\/p>\n","protected":false},"author":1,"featured_media":0,"parent":72,"menu_order":10,"comment_status":"closed","ping_status":"closed","template":"","meta":{"footnotes":""},"class_list":["post-1000","page","type-page","status-publish","hentry"],"_links":{"self":[{"href":"https:\/\/payitforward.edu.vn\/wordpress\/wp-json\/wp\/v2\/pages\/1000","targetHints":{"allow":["GET"]}}],"collection":[{"href":"https:\/\/payitforward.edu.vn\/wordpress\/wp-json\/wp\/v2\/pages"}],"about":[{"href":"https:\/\/payitforward.edu.vn\/wordpress\/wp-json\/wp\/v2\/types\/page"}],"author":[{"embeddable":true,"href":"https:\/\/payitforward.edu.vn\/wordpress\/wp-json\/wp\/v2\/users\/1"}],"replies":[{"embeddable":true,"href":"https:\/\/payitforward.edu.vn\/wordpress\/wp-json\/wp\/v2\/comments?post=1000"}],"version-history":[{"count":17,"href":"https:\/\/payitforward.edu.vn\/wordpress\/wp-json\/wp\/v2\/pages\/1000\/revisions"}],"predecessor-version":[{"id":1972,"href":"https:\/\/payitforward.edu.vn\/wordpress\/wp-json\/wp\/v2\/pages\/1000\/revisions\/1972"}],"up":[{"embeddable":true,"href":"https:\/\/payitforward.edu.vn\/wordpress\/wp-json\/wp\/v2\/pages\/72"}],"wp:attachment":[{"href":"https:\/\/payitforward.edu.vn\/wordpress\/wp-json\/wp\/v2\/media?parent=1000"}],"curies":[{"name":"wp","href":"https:\/\/api.w.org\/{rel}","templated":true}]}}