{"id":282,"date":"2010-05-17T12:00:22","date_gmt":"2010-05-17T05:00:22","guid":{"rendered":"http:\/\/www.payitforward.edu.vn\/wordpress\/?page_id=282"},"modified":"2018-10-19T03:36:50","modified_gmt":"2018-10-18T20:36:50","slug":"6-han","status":"publish","type":"page","link":"https:\/\/payitforward.edu.vn\/wordpress\/tutorials\/lam-mach-in\/6-han\/","title":{"rendered":"7.H\u00e0n"},"content":{"rendered":"<p>&#8211; M\u1ecf h\u00e0n 30k-300k t\u00f9y lo\u1ea1i, t\u00f9y v\u00e0o kinh t\u1ebf. Thi\u1ebfc h\u00e0n \u00c1 Ch\u00e2u 10k (c\u1ea9n th\u1eadn \u00c1 Ch\u00e2u lo\u1ea1i nh\u00e1i), lo\u1ea1i t\u1ed1t th\u00ec c\u00f3 thi\u1ebfc Asahi.<\/p>\n<p>&#8211; H\u00e0n t\u1eeb linh ki\u1ec7n th\u1ea5p nh\u1ea5t \u0111\u1ebfn cao nh\u1ea5t. M\u1ea1ch n\u00e0y c\u00f3 1 jump, ta h\u00e0n jump \u0111\u1ea7u ti\u00ean. Jump c\u00f3 th\u1ec3 l\u1ea5y ch\u00e2n linh ki\u1ec7n c\u1eaft ra, m\u00ecnh hay x\u00e0i ch\u00e2n led v\u00ec th\u1ea5y n\u00f3 vu\u00f4ng vu\u00f4ng \u0111\u1eb9p :). Sau \u0111\u00f3 h\u00e0n ti\u1ebfp linh ki\u1ec7n d\u00e1n (n\u1ebfu c\u00f3), \u0111i\u1ec7n tr\u1edf, t\u1ee5 22p,47p; r\u1ed3i 104p; r\u1ed3i dip, n\u00fat nh\u1ea5n\u2026<\/p>\n<p><a href=\"http:\/\/s653.photobucket.com\/albums\/uu259\/rockc4\/DD07KSTN\/Ui%20Khoan%20Han\/?action=view&amp;current=IMG_2645_2.jpg\" target=\"_blank\" rel=\"noopener\"><img decoding=\"async\" src=\"http:\/\/i653.photobucket.com\/albums\/uu259\/rockc4\/DD07KSTN\/Ui%20Khoan%20Han\/IMG_2645_2.jpg\" alt=\"Photobucket\" border=\"0\" \/><\/a><\/p>\n<p>&#8211; Chi ti\u1ebft h\u01b0\u1edbng d\u1eabn h\u00e0n n\u1eb1m ngo\u00e0i ph\u1ea1m vi b\u00e0i vi\u1ebft n\u00e0y. Nh\u01b0ng \u0111\u1ed1i v\u1edbi c\u00e1c b\u1ea1n m\u1edbi b\u1eaft \u0111\u1ea7u th\u00ec c\u00e1c b\u1ea1n ch\u00fa \u00fd th\u1ebf n\u00e0y: \u0111\u1ec3 ph\u1ea7n m\u0169i h\u00e0n ti\u1ebfp x\u00fac v\u1edbi c\u1ea3 pad \u0111\u1ed3ng v\u00e0 ch\u00e2n linh ki\u1ec7n, ch\u1edd 1 t\u00ed cho pad n\u00f3ng l\u00ean, r\u1ed3i v\u1eeba \u0111\u01b0a ch\u00ec h\u00e0n v\u1eeba xoay m\u0169i h\u00e0n v\u00e0 g\u1ea1t d\u1ee9t kho\u00e1t m\u0169i h\u00e0n ra l\u00e0 \u0111\u01b0\u1ee3c.<\/p>\n<p>&#8211; M\u1ed1i h\u00e0n tr\u00f2n, \u0111\u1eb9p, b\u00f3ng, ch\u00ec \u00edt b\u1ecb ch\u1ea3y loang. H\u00e0n \u00edt hao ch\u00ec (t\u1ee9c l\u00e0 m\u1ed1i h\u00e0n c\u1ea7n v\u1eeba \u0111\u1ee7 ch\u00ec, kh\u00f4ng b\u1ecb d\u01b0).<\/p>\n<p><a href=\"http:\/\/s653.photobucket.com\/albums\/uu259\/rockc4\/DD07KSTN\/Ui%20Khoan%20Han\/?action=view&amp;current=IMG_2648_2.jpg\" target=\"_blank\" rel=\"noopener\"><img decoding=\"async\" src=\"http:\/\/i653.photobucket.com\/albums\/uu259\/rockc4\/DD07KSTN\/Ui%20Khoan%20Han\/IMG_2648_2.jpg\" alt=\"Photobucket\" border=\"0\" \/><\/a><\/p>\n<p><a href=\"http:\/\/s653.photobucket.com\/albums\/uu259\/rockc4\/DD07KSTN\/Ui%20Khoan%20Han\/?action=view&amp;current=IMG_2652_2.jpg\" target=\"_blank\" rel=\"noopener\"><img decoding=\"async\" src=\"http:\/\/i653.photobucket.com\/albums\/uu259\/rockc4\/DD07KSTN\/Ui%20Khoan%20Han\/IMG_2652_2.jpg\" alt=\"Photobucket\" border=\"0\" \/><\/a><\/p>\n<p><a href=\"http:\/\/s653.photobucket.com\/albums\/uu259\/rockc4\/DD07KSTN\/Ui%20Khoan%20Han\/?action=view&amp;current=IMG_2654_2.jpg\" target=\"_blank\" rel=\"noopener\"><img decoding=\"async\" src=\"http:\/\/i653.photobucket.com\/albums\/uu259\/rockc4\/DD07KSTN\/Ui%20Khoan%20Han\/IMG_2654_2.jpg\" alt=\"Photobucket\" border=\"0\" \/><\/a><\/p>\n<p><a href=\"http:\/\/s653.photobucket.com\/albums\/uu259\/rockc4\/DD07KSTN\/Ui%20Khoan%20Han\/?action=view&amp;current=IMG_2657_2.jpg\" target=\"_blank\" rel=\"noopener\"><img decoding=\"async\" src=\"http:\/\/i653.photobucket.com\/albums\/uu259\/rockc4\/DD07KSTN\/Ui%20Khoan%20Han\/IMG_2657_2.jpg\" alt=\"Photobucket\" border=\"0\" \/><\/a><\/p>\n<p><a href=\"http:\/\/s653.photobucket.com\/albums\/uu259\/rockc4\/DD07KSTN\/Ui%20Khoan%20Han\/?action=view&amp;current=IMG_2669_2.jpg\" target=\"_blank\" rel=\"noopener\"><img decoding=\"async\" src=\"http:\/\/i653.photobucket.com\/albums\/uu259\/rockc4\/DD07KSTN\/Ui%20Khoan%20Han\/IMG_2669_2.jpg\" alt=\"Photobucket\" border=\"0\" \/><\/a><\/p>\n<p><a href=\"http:\/\/s653.photobucket.com\/albums\/uu259\/rockc4\/DD07KSTN\/Ui%20Khoan%20Han\/?action=view&amp;current=IMG_2661_2.jpg\" target=\"_blank\" rel=\"noopener\"><img decoding=\"async\" src=\"http:\/\/i653.photobucket.com\/albums\/uu259\/rockc4\/DD07KSTN\/Ui%20Khoan%20Han\/IMG_2661_2.jpg\" alt=\"Photobucket\" border=\"0\" \/><\/a><\/p>\n<p><span style=\"color: #003366;\"><strong>Xem th\u00eam: <a href=\"http:\/\/www.payitforward.edu.vn\/forum\/forums\/21\/\" target=\"_blank\" rel=\"noopener\">H\u01b0\u1edbng d\u1eabn h\u00e0n linh ki\u1ec7n<\/a><\/strong><\/span><\/p>\n","protected":false},"excerpt":{"rendered":"<p>&#8211; M\u1ecf h\u00e0n 30k-300k t\u00f9y lo\u1ea1i, t\u00f9y v\u00e0o kinh t\u1ebf. Thi\u1ebfc h\u00e0n \u00c1 Ch\u00e2u 10k (c\u1ea9n th\u1eadn \u00c1 Ch\u00e2u lo\u1ea1i nh\u00e1i), lo\u1ea1i t\u1ed1t th\u00ec c\u00f3 thi\u1ebfc Asahi. &#8211; H\u00e0n t\u1eeb linh ki\u1ec7n th\u1ea5p nh\u1ea5t \u0111\u1ebfn cao nh\u1ea5t. M\u1ea1ch n\u00e0y c\u00f3 1 jump, ta h\u00e0n jump \u0111\u1ea7u ti\u00ean. Jump c\u00f3 th\u1ec3 l\u1ea5y ch\u00e2n linh ki\u1ec7n c\u1eaft ra, m\u00ecnh hay x\u00e0i ch\u00e2n led v\u00ec th\u1ea5y n\u00f3 vu\u00f4ng vu\u00f4ng \u0111\u1eb9p :). Sau \u0111\u00f3 h\u00e0n ti\u1ebfp linh ki\u1ec7n d\u00e1n (n\u1ebfu c\u00f3), \u0111i\u1ec7n tr\u1edf, t\u1ee5 22p,47p; r\u1ed3i 104p; r\u1ed3i dip, n\u00fat nh\u1ea5n\u2026 &#8211; Chi ti\u1ebft h\u01b0\u1edbng d\u1eabn h\u00e0n n\u1eb1m ngo\u00e0i ph\u1ea1m vi b\u00e0i vi\u1ebft n\u00e0y. \u2026<\/p>\n<p class=\"continue-reading-button\"> <a class=\"continue-reading-link\" href=\"https:\/\/payitforward.edu.vn\/wordpress\/tutorials\/lam-mach-in\/6-han\/\">Continue reading<i class=\"crycon-right-dir\"><\/i><\/a><\/p>\n","protected":false},"author":1,"featured_media":0,"parent":259,"menu_order":0,"comment_status":"closed","ping_status":"closed","template":"","meta":{"footnotes":""},"class_list":["post-282","page","type-page","status-publish","hentry"],"_links":{"self":[{"href":"https:\/\/payitforward.edu.vn\/wordpress\/wp-json\/wp\/v2\/pages\/282","targetHints":{"allow":["GET"]}}],"collection":[{"href":"https:\/\/payitforward.edu.vn\/wordpress\/wp-json\/wp\/v2\/pages"}],"about":[{"href":"https:\/\/payitforward.edu.vn\/wordpress\/wp-json\/wp\/v2\/types\/page"}],"author":[{"embeddable":true,"href":"https:\/\/payitforward.edu.vn\/wordpress\/wp-json\/wp\/v2\/users\/1"}],"replies":[{"embeddable":true,"href":"https:\/\/payitforward.edu.vn\/wordpress\/wp-json\/wp\/v2\/comments?post=282"}],"version-history":[{"count":9,"href":"https:\/\/payitforward.edu.vn\/wordpress\/wp-json\/wp\/v2\/pages\/282\/revisions"}],"predecessor-version":[{"id":2671,"href":"https:\/\/payitforward.edu.vn\/wordpress\/wp-json\/wp\/v2\/pages\/282\/revisions\/2671"}],"up":[{"embeddable":true,"href":"https:\/\/payitforward.edu.vn\/wordpress\/wp-json\/wp\/v2\/pages\/259"}],"wp:attachment":[{"href":"https:\/\/payitforward.edu.vn\/wordpress\/wp-json\/wp\/v2\/media?parent=282"}],"curies":[{"name":"wp","href":"https:\/\/api.w.org\/{rel}","templated":true}]}}