{"id":335,"date":"2010-05-17T15:31:17","date_gmt":"2010-05-17T08:31:17","guid":{"rendered":"http:\/\/www.payitforward.edu.vn\/wordpress\/?page_id=335"},"modified":"2017-07-31T02:58:26","modified_gmt":"2017-07-30T19:58:26","slug":"bai-9","status":"publish","type":"page","link":"https:\/\/payitforward.edu.vn\/wordpress\/tutorials\/orcad\/bai-9\/","title":{"rendered":"B\u00e0i 9"},"content":{"rendered":"<p>T\u00e0i li\u1ec7u n\u00e0y \u0111\u01b0\u1ee3c bi\u00ean so\u1ea1n kh\u00f4ng nh\u1eb1m v\u00e0o b\u1ea5t k\u1ef3 m\u1ee5c \u0111\u00edch n\u00e0o mang  t\u00ednh th\u01b0\u01a1ng m\u1ea1i. B\u1ea1n c\u00f3 quy\u1ec1n sao ch\u00e9p, s\u1eeda ch\u1eefa v\u00e0 ph\u00e2n ph\u00e1t b\u1eb1ng b\u1ea5t  k\u1ef3 h\u00ecnh th\u1ee9c n\u00e0o. H\u00e3y s\u1eed d\u1ee5ng t\u00e0i li\u1ec7u n\u00e0y, s\u1eeda ch\u1eefa, b\u1ed5 sung v\u00e0 g\u1eedi cho  nh\u1eefng ai c\u1ea7n n\u00f3. Ch\u00fang t\u00f4i kh\u00f4ng \u0111\u1ec1 t\u00ean t\u00e1c gi\u1ea3 bi\u00ean so\u1ea1n. T\u00e0i li\u1ec7u n\u00e0y  thu\u1ed9c quy\u1ec1n s\u1edf h\u1eefu nh\u1eefng ai \u0111ang d\u00f9ng n\u00f3.<\/p>\n<p>Pay it forward\u2026<\/p>\n<h2><span style=\"text-decoration: underline;\">B\u00e0i 9:<\/span><\/h2>\n<h1 style=\"text-align: center;\">T\u1ea1o th\u01b0 vi\u1ec7n layout m\u1edbi &#8211; T\u1ea1o footprint m\u1edbi<\/h1>\n<p>&#8211; T\u1ea1o new library \/ new footprint<\/p>\n<p>&#8211; \u0110\u1eb7t pad v\u00e0 ch\u1ec9nh s\u1eeda k\u00edch th\u01b0\u1edbc tr\u00ean c\u00e1c l\u1edbp<\/p>\n<p>&#8211; X\u00e1c \u0111\u1ecbnh kho\u1ea3ng c\u00e1ch gi\u1eefa c\u00e1c ch\u00e2n tr\u00ean layout<\/p>\n<p>&#8211; Ch\u1ec9nh s\u1eeda t\u00ean \/ gi\u00e1 tr\u1ecb linh ki\u1ec7n \u1edf l\u1edbp SSTOP \u0111\u1ec3 c\u00f3 th\u1ec3 \u0111\u1eb7t m\u1ea1ch in.<\/p>\n<p>&#8211; C\u00e1ch v\u1ebd h\u00ecnh d\u00e1ng linh ki\u1ec7n.<\/p>\n<p>&#8211; C\u00e1ch s\u1eeda \u0111\u1ed5i linh ki\u1ec7n c\u00f3 s\u1eb5n.<\/p>\n<p>Ph\u1ea7n 1:<br \/>\n<iframe loading=\"lazy\" width=\"640\" height=\"480\" src=\"http:\/\/www.youtube-nocookie.com\/embed\/JspjFHV4LsY\" frameborder=\"0\" allowfullscreen><\/iframe><\/p>\n<p>Ph\u1ea7n 2: (ti\u1ebfp theo)<br \/>\n<<iframe loading=\"lazy\" width=\"640\" height=\"480\" src=\"http:\/\/www.youtube-nocookie.com\/embed\/W2B1Wx02sIE\" frameborder=\"0\" allowfullscreen><\/iframe><\/p>\n","protected":false},"excerpt":{"rendered":"<p>T\u00e0i li\u1ec7u n\u00e0y \u0111\u01b0\u1ee3c bi\u00ean so\u1ea1n kh\u00f4ng nh\u1eb1m v\u00e0o b\u1ea5t k\u1ef3 m\u1ee5c \u0111\u00edch n\u00e0o mang t\u00ednh th\u01b0\u01a1ng m\u1ea1i. B\u1ea1n c\u00f3 quy\u1ec1n sao ch\u00e9p, s\u1eeda ch\u1eefa v\u00e0 ph\u00e2n ph\u00e1t b\u1eb1ng b\u1ea5t k\u1ef3 h\u00ecnh th\u1ee9c n\u00e0o. H\u00e3y s\u1eed d\u1ee5ng t\u00e0i li\u1ec7u n\u00e0y, s\u1eeda ch\u1eefa, b\u1ed5 sung v\u00e0 g\u1eedi cho nh\u1eefng ai c\u1ea7n n\u00f3. Ch\u00fang t\u00f4i kh\u00f4ng \u0111\u1ec1 t\u00ean t\u00e1c gi\u1ea3 bi\u00ean so\u1ea1n. T\u00e0i li\u1ec7u n\u00e0y thu\u1ed9c quy\u1ec1n s\u1edf h\u1eefu nh\u1eefng ai \u0111ang d\u00f9ng n\u00f3. Pay it forward\u2026 B\u00e0i 9: T\u1ea1o th\u01b0 vi\u1ec7n layout m\u1edbi &#8211; T\u1ea1o footprint m\u1edbi &#8211; T\u1ea1o new library \/ new footprint &#8211; \u0110\u1eb7t pad v\u00e0 ch\u1ec9nh s\u1eeda k\u00edch \u2026<\/p>\n<p class=\"continue-reading-button\"> <a class=\"continue-reading-link\" href=\"https:\/\/payitforward.edu.vn\/wordpress\/tutorials\/orcad\/bai-9\/\">Continue reading<i class=\"crycon-right-dir\"><\/i><\/a><\/p>\n","protected":false},"author":1,"featured_media":0,"parent":140,"menu_order":9,"comment_status":"closed","ping_status":"open","template":"","meta":{"footnotes":""},"class_list":["post-335","page","type-page","status-publish","hentry"],"_links":{"self":[{"href":"https:\/\/payitforward.edu.vn\/wordpress\/wp-json\/wp\/v2\/pages\/335","targetHints":{"allow":["GET"]}}],"collection":[{"href":"https:\/\/payitforward.edu.vn\/wordpress\/wp-json\/wp\/v2\/pages"}],"about":[{"href":"https:\/\/payitforward.edu.vn\/wordpress\/wp-json\/wp\/v2\/types\/page"}],"author":[{"embeddable":true,"href":"https:\/\/payitforward.edu.vn\/wordpress\/wp-json\/wp\/v2\/users\/1"}],"replies":[{"embeddable":true,"href":"https:\/\/payitforward.edu.vn\/wordpress\/wp-json\/wp\/v2\/comments?post=335"}],"version-history":[{"count":5,"href":"https:\/\/payitforward.edu.vn\/wordpress\/wp-json\/wp\/v2\/pages\/335\/revisions"}],"predecessor-version":[{"id":2562,"href":"https:\/\/payitforward.edu.vn\/wordpress\/wp-json\/wp\/v2\/pages\/335\/revisions\/2562"}],"up":[{"embeddable":true,"href":"https:\/\/payitforward.edu.vn\/wordpress\/wp-json\/wp\/v2\/pages\/140"}],"wp:attachment":[{"href":"https:\/\/payitforward.edu.vn\/wordpress\/wp-json\/wp\/v2\/media?parent=335"}],"curies":[{"name":"wp","href":"https:\/\/api.w.org\/{rel}","templated":true}]}}